{"id":256,"date":"2024-12-21T00:08:20","date_gmt":"2024-12-21T03:08:20","guid":{"rendered":"https:\/\/grausfilosoficosdompedro.org.br\/?page_id=256"},"modified":"2025-01-02T11:56:10","modified_gmt":"2025-01-02T14:56:10","slug":"graus-filosoficos","status":"publish","type":"page","link":"https:\/\/grausfilosoficosdompedro.org.br\/index.php\/graus-filosoficos\/","title":{"rendered":"Graus Filos\u00f3ficos"},"content":{"rendered":"\t\t<div data-elementor-type=\"wp-page\" data-elementor-id=\"256\" class=\"elementor elementor-256\">\n\t\t\t\t<div class=\"elementor-element elementor-element-584061da e-flex e-con-boxed e-con e-parent\" data-id=\"584061da\" data-element_type=\"container\">\n\t\t\t\t\t<div class=\"e-con-inner\">\n\t\t\t\t<div class=\"elementor-element elementor-element-411acb1 elementor-widget elementor-widget-heading\" data-id=\"411acb1\" data-element_type=\"widget\" data-widget_type=\"heading.default\">\n\t\t\t\t<div class=\"elementor-widget-container\">\n\t\t\t\t\t<h2 class=\"elementor-heading-title elementor-size-default\">O que s\u00e3o os Graus Filos\u00f3ficos<\/h2>\t\t\t\t<\/div>\n\t\t\t\t<\/div>\n\t\t\t\t\t<\/div>\n\t\t\t\t<\/div>\n\t\t<div class=\"elementor-element elementor-element-c347c0e e-flex e-con-boxed e-con e-parent\" data-id=\"c347c0e\" data-element_type=\"container\">\n\t\t\t\t\t<div class=\"e-con-inner\">\n\t\t<div class=\"elementor-element elementor-element-a952d02 e-con-full e-flex e-con e-child\" data-id=\"a952d02\" data-element_type=\"container\">\n\t\t\t\t<div class=\"elementor-element elementor-element-e0bd3bb elementor-widget elementor-widget-text-editor\" data-id=\"e0bd3bb\" data-element_type=\"widget\" data-widget_type=\"text-editor.default\">\n\t\t\t\t<div class=\"elementor-widget-container\">\n\t\t\t\t\t\t\t\t\t<p>Os Graus Filos\u00f3ficos do R.E.A.A. d\u00e3o sequ\u00eancia aos estudos principiados no Grau de Mestre Ma\u00e7om e trazem em seu bojo um rico conte\u00fado hist\u00f3rico, filos\u00f3fico e moral.<\/p>\n<p>A busca da perfei\u00e7\u00e3o \u00e9 permanente e os Graus Filos\u00f3ficos possibilitam que cada Irm\u00e3o busque o m\u00e9todo ao qual melhor se adapte, tornando-se assim n\u00e3o apenas um autodidata, mas tamb\u00e9m um ecl\u00e9tico, j\u00e1 que busca seus conhecimentos nas mais diversas fontes, sem preconceitos ou dogmas pr\u00e9-estabelecidos.<\/p>\n<p>Os graus tem ensinamentos baseados em eventos hist\u00f3ricos e filos\u00f3ficos que, impressionantemente, s\u00e3o sempre atuais.<\/p>\t\t\t\t\t\t\t\t<\/div>\n\t\t\t\t<\/div>\n\t\t\t\t<\/div>\n\t\t<div class=\"elementor-element elementor-element-48f06a4 e-con-full e-flex e-con e-child\" data-id=\"48f06a4\" data-element_type=\"container\">\n\t\t\t\t<div class=\"elementor-element elementor-element-d89c411 elementor-widget__width-initial elementor-widget elementor-widget-image\" data-id=\"d89c411\" data-element_type=\"widget\" data-widget_type=\"image.default\">\n\t\t\t\t<div class=\"elementor-widget-container\">\n\t\t\t\t\t\t\t\t\t\t\t\t\t\t\t<img fetchpriority=\"high\" width=\"696\" height=\"880\" src=\"https:\/\/grausfilosoficosdompedro.org.br\/wp-content\/uploads\/2024\/12\/Paramentos-do-04-grau-810x1024.jpg\" class=\"attachment-large size-large wp-image-322\" alt=\"\" srcset=\"https:\/\/grausfilosoficosdompedro.org.br\/wp-content\/uploads\/2024\/12\/Paramentos-do-04-grau-810x1024.jpg 810w, https:\/\/grausfilosoficosdompedro.org.br\/wp-content\/uploads\/2024\/12\/Paramentos-do-04-grau-237x300.jpg 237w, https:\/\/grausfilosoficosdompedro.org.br\/wp-content\/uploads\/2024\/12\/Paramentos-do-04-grau-768x971.jpg 768w, https:\/\/grausfilosoficosdompedro.org.br\/wp-content\/uploads\/2024\/12\/Paramentos-do-04-grau-1215x1536.jpg 1215w, https:\/\/grausfilosoficosdompedro.org.br\/wp-content\/uploads\/2024\/12\/Paramentos-do-04-grau.jpg 1325w\" sizes=\"(max-width: 696px) 100vw, 696px\" \/>\t\t\t\t\t\t\t\t\t\t\t\t\t\t\t<\/div>\n\t\t\t\t<\/div>\n\t\t\t\t<\/div>\n\t\t<div class=\"elementor-element elementor-element-b2e55aa e-con-full e-flex e-con e-child\" data-id=\"b2e55aa\" data-element_type=\"container\">\n\t\t\t\t<div class=\"elementor-element elementor-element-b4f5f3f elementor-widget__width-initial elementor-invisible elementor-widget elementor-widget-image\" data-id=\"b4f5f3f\" data-element_type=\"widget\" data-settings=\"{&quot;_animation&quot;:&quot;fadeIn&quot;}\" data-widget_type=\"image.default\">\n\t\t\t\t<div class=\"elementor-widget-container\">\n\t\t\t\t\t\t\t\t\t\t\t\t\t\t\t<img width=\"500\" height=\"500\" src=\"https:\/\/grausfilosoficosdompedro.org.br\/wp-content\/uploads\/2024\/12\/Painel_do_14_grauA-removebg-preview.png\" class=\"attachment-large size-large wp-image-320\" alt=\"\" srcset=\"https:\/\/grausfilosoficosdompedro.org.br\/wp-content\/uploads\/2024\/12\/Painel_do_14_grauA-removebg-preview.png 500w, https:\/\/grausfilosoficosdompedro.org.br\/wp-content\/uploads\/2024\/12\/Painel_do_14_grauA-removebg-preview-300x300.png 300w, https:\/\/grausfilosoficosdompedro.org.br\/wp-content\/uploads\/2024\/12\/Painel_do_14_grauA-removebg-preview-150x150.png 150w\" sizes=\"(max-width: 500px) 100vw, 500px\" \/>\t\t\t\t\t\t\t\t\t\t\t\t\t\t\t<\/div>\n\t\t\t\t<\/div>\n\t\t\t\t<\/div>\n\t\t<div class=\"elementor-element elementor-element-d862ece e-con-full e-flex e-con e-child\" data-id=\"d862ece\" data-element_type=\"container\">\n\t\t\t\t<div class=\"elementor-element elementor-element-fc63850 elementor-widget elementor-widget-heading\" data-id=\"fc63850\" data-element_type=\"widget\" data-widget_type=\"heading.default\">\n\t\t\t\t<div class=\"elementor-widget-container\">\n\t\t\t\t\t<h2 class=\"elementor-heading-title elementor-size-default\">Loja de Perfei\u00e7\u00e3o, o primeiro passo<\/h2>\t\t\t\t<\/div>\n\t\t\t\t<\/div>\n\t\t\t\t<div class=\"elementor-element elementor-element-8feba6f elementor-widget elementor-widget-text-editor\" data-id=\"8feba6f\" data-element_type=\"widget\" data-widget_type=\"text-editor.default\">\n\t\t\t\t<div class=\"elementor-widget-container\">\n\t\t\t\t\t\t\t\t\t<p>A <strong>Loja de Perfei\u00e7\u00e3o Guatimozim<\/strong> \u00e9 a C\u00e2mara Filos\u00f3fica respons\u00e1vel por instruir os Irm\u00e3os e outorgar os graus 4 a 14 do <strong>Rito Escoc\u00eas Antigo e Aceito<\/strong>. Estes graus d\u00e3o sequ\u00eancia aos estudos iniciados no Grau de Mestre Ma\u00e7om, considerando os aspectos hist\u00f3ricos, filos\u00f3ficos e morais.<\/p>\n<p>\u00c9 na Loja de Perfei\u00e7\u00e3o que o Mestre Ma\u00e7om dar\u00e1 os primeiros passos para conhecer os mist\u00e9rios e ensinamentos dos Graus Inef\u00e1veis.<\/p>\t\t\t\t\t\t\t\t<\/div>\n\t\t\t\t<\/div>\n\t\t\t\t<div class=\"elementor-element elementor-element-7ff0a25 elementor-widget elementor-widget-text-editor\" data-id=\"7ff0a25\" data-element_type=\"widget\" data-widget_type=\"text-editor.default\">\n\t\t\t\t<div class=\"elementor-widget-container\">\n\t\t\t\t\t\t\t\t\t<p>A Loja de Perfei\u00e7\u00e3o Guatimozim trabalha na primeira 5\u00aa feira do m\u00eas. Consulte nosso <a href=\"http:\/\/grausfilosoficosdompedro.org.br\/index.php\/calendario\">Calend\u00e1rio de Sess\u00f5es<\/a><\/p>\t\t\t\t\t\t\t\t<\/div>\n\t\t\t\t<\/div>\n\t\t\t\t<\/div>\n\t\t<div class=\"elementor-element elementor-element-467c167 e-con-full e-flex e-con e-child\" data-id=\"467c167\" data-element_type=\"container\">\n\t\t\t\t<div class=\"elementor-element elementor-element-7c03b67 elementor-widget elementor-widget-heading\" data-id=\"7c03b67\" data-element_type=\"widget\" data-widget_type=\"heading.default\">\n\t\t\t\t<div class=\"elementor-widget-container\">\n\t\t\t\t\t<h2 class=\"elementor-heading-title elementor-size-default\">Cap\u00edtulo Rosa-Cruz, um passo adiante<\/h2>\t\t\t\t<\/div>\n\t\t\t\t<\/div>\n\t\t\t\t<div class=\"elementor-element elementor-element-d09c914 elementor-widget elementor-widget-text-editor\" data-id=\"d09c914\" data-element_type=\"widget\" data-widget_type=\"text-editor.default\">\n\t\t\t\t<div class=\"elementor-widget-container\">\n\t\t\t\t\t\t\t\t\t<p>Ao finalizar os estudos do Grau 14 e cumprir as exig\u00eancias para passagem ao grau seguinte, o Ma\u00e7om est\u00e1 apto a ingressar em uma nova C\u00e2mara, denominada <strong>Sublime Cap\u00edtulo Rosa-Cruz Dom Pedro I<\/strong>.<\/p>\n<p>Nos graus 15 a 18, outorgados pelo Cap\u00edtulo, os estudos hist\u00f3ricos e filos\u00f3ficos prosseguem, agora abordando uma nova fase e proporcionando um aprofundamento dos conhecimentos e aplica\u00e7\u00e3o em sua conduta pessoal.<\/p>\t\t\t\t\t\t\t\t<\/div>\n\t\t\t\t<\/div>\n\t\t\t\t<div class=\"elementor-element elementor-element-dd818da elementor-widget elementor-widget-text-editor\" data-id=\"dd818da\" data-element_type=\"widget\" data-widget_type=\"text-editor.default\">\n\t\t\t\t<div class=\"elementor-widget-container\">\n\t\t\t\t\t\t\t\t\t<p>O Sublime Cap\u00edtulo Rosa-Cruz Dom Pedro I trabalha na segunda 5\u00aa feira do m\u00eas. Consulte nosso <a href=\"http:\/\/grausfilosoficosdompedro.org.br\/index.php\/calendario\">Calend\u00e1rio de Sess\u00f5es<\/a><\/p>\t\t\t\t\t\t\t\t<\/div>\n\t\t\t\t<\/div>\n\t\t\t\t<\/div>\n\t\t<div class=\"elementor-element elementor-element-0991874 e-con-full e-flex e-con e-child\" data-id=\"0991874\" data-element_type=\"container\">\n\t\t\t\t<div class=\"elementor-element elementor-element-3b2e739 elementor-widget__width-initial elementor-widget elementor-widget-image\" data-id=\"3b2e739\" data-element_type=\"widget\" data-widget_type=\"image.default\">\n\t\t\t\t<div class=\"elementor-widget-container\">\n\t\t\t\t\t\t\t\t\t\t\t\t\t\t\t<img width=\"427\" height=\"427\" src=\"https:\/\/grausfilosoficosdompedro.org.br\/wp-content\/uploads\/2024\/12\/Painel-do-18-grau-C.jpg\" class=\"attachment-large size-large wp-image-315\" alt=\"\" srcset=\"https:\/\/grausfilosoficosdompedro.org.br\/wp-content\/uploads\/2024\/12\/Painel-do-18-grau-C.jpg 427w, https:\/\/grausfilosoficosdompedro.org.br\/wp-content\/uploads\/2024\/12\/Painel-do-18-grau-C-300x300.jpg 300w, https:\/\/grausfilosoficosdompedro.org.br\/wp-content\/uploads\/2024\/12\/Painel-do-18-grau-C-150x150.jpg 150w\" sizes=\"(max-width: 427px) 100vw, 427px\" \/>\t\t\t\t\t\t\t\t\t\t\t\t\t\t\t<\/div>\n\t\t\t\t<\/div>\n\t\t\t\t<\/div>\n\t\t<div class=\"elementor-element elementor-element-ca40c86 e-con-full e-flex e-con e-child\" data-id=\"ca40c86\" data-element_type=\"container\">\n\t\t\t\t<div class=\"elementor-element elementor-element-96d2382 elementor-widget__width-initial elementor-widget elementor-widget-image\" data-id=\"96d2382\" data-element_type=\"widget\" data-widget_type=\"image.default\">\n\t\t\t\t<div class=\"elementor-widget-container\">\n\t\t\t\t\t\t\t\t\t\t\t\t\t\t\t<img loading=\"lazy\" width=\"427\" height=\"427\" src=\"https:\/\/grausfilosoficosdompedro.org.br\/wp-content\/uploads\/2024\/12\/Painel-do-30-grau-C.jpg\" class=\"attachment-large size-large wp-image-317\" alt=\"\" srcset=\"https:\/\/grausfilosoficosdompedro.org.br\/wp-content\/uploads\/2024\/12\/Painel-do-30-grau-C.jpg 427w, https:\/\/grausfilosoficosdompedro.org.br\/wp-content\/uploads\/2024\/12\/Painel-do-30-grau-C-300x300.jpg 300w, https:\/\/grausfilosoficosdompedro.org.br\/wp-content\/uploads\/2024\/12\/Painel-do-30-grau-C-150x150.jpg 150w\" sizes=\"(max-width: 427px) 100vw, 427px\" \/>\t\t\t\t\t\t\t\t\t\t\t\t\t\t\t<\/div>\n\t\t\t\t<\/div>\n\t\t\t\t<\/div>\n\t\t<div class=\"elementor-element elementor-element-497f82d e-con-full e-flex e-con e-child\" data-id=\"497f82d\" data-element_type=\"container\">\n\t\t\t\t<div class=\"elementor-element elementor-element-d5e5c87 elementor-widget elementor-widget-heading\" data-id=\"d5e5c87\" data-element_type=\"widget\" data-widget_type=\"heading.default\">\n\t\t\t\t<div class=\"elementor-widget-container\">\n\t\t\t\t\t<h2 class=\"elementor-heading-title elementor-size-default\">A Filosofia em um Conselho Kadosch<\/h2>\t\t\t\t<\/div>\n\t\t\t\t<\/div>\n\t\t\t\t<div class=\"elementor-element elementor-element-e248090 elementor-widget elementor-widget-text-editor\" data-id=\"e248090\" data-element_type=\"widget\" data-widget_type=\"text-editor.default\">\n\t\t\t\t<div class=\"elementor-widget-container\">\n\t\t\t\t\t\t\t\t\t<p>A partir do Grau 19, os Graus Filos\u00f3ficos Escoceses passam a explorar mais profundamente o <strong>conte\u00fado filos\u00f3fico<\/strong>, com o prop\u00f3sito de aplicar na vida cotidiana os ensinamentos dos antepassados.<\/p>\n<p>Nesta C\u00e2mara Filos\u00f3fica, entre os Graus 19 e 30, s\u00e3o apresentados <strong>temas de grande relev\u00e2ncia para a vida pessoal<\/strong> e para a conviv\u00eancia em sociedade, que levam a profundas reflex\u00f5es, para a busca da perfei\u00e7\u00e3o.\u00a0\u00a0<\/p>\t\t\t\t\t\t\t\t<\/div>\n\t\t\t\t<\/div>\n\t\t\t\t<div class=\"elementor-element elementor-element-9513b88 elementor-widget elementor-widget-text-editor\" data-id=\"9513b88\" data-element_type=\"widget\" data-widget_type=\"text-editor.default\">\n\t\t\t\t<div class=\"elementor-widget-container\">\n\t\t\t\t\t\t\t\t\t<p>O Ilustre Conselho Filos\u00f3fico de Kadosch N\u00ba 42 trabalha na terceira 5\u00aa feira do m\u00eas. Consulte nosso <a href=\"http:\/\/grausfilosoficosdompedro.org.br\/index.php\/calendario\">Calend\u00e1rio de Sess\u00f5es<\/a><\/p>\t\t\t\t\t\t\t\t<\/div>\n\t\t\t\t<\/div>\n\t\t\t\t<\/div>\n\t\t<div class=\"elementor-element elementor-element-1b7470e e-con-full e-flex e-con e-child\" data-id=\"1b7470e\" data-element_type=\"container\">\n\t\t\t\t<div class=\"elementor-element elementor-element-b6bfaf8 elementor-widget elementor-widget-heading\" data-id=\"b6bfaf8\" data-element_type=\"widget\" data-widget_type=\"heading.default\">\n\t\t\t\t<div class=\"elementor-widget-container\">\n\t\t\t\t\t<h2 class=\"elementor-heading-title elementor-size-default\">Consist\u00f3rio, a pen\u00faltima etapa<\/h2>\t\t\t\t<\/div>\n\t\t\t\t<\/div>\n\t\t\t\t<div class=\"elementor-element elementor-element-77767ac elementor-widget elementor-widget-text-editor\" data-id=\"77767ac\" data-element_type=\"widget\" data-widget_type=\"text-editor.default\">\n\t\t\t\t<div class=\"elementor-widget-container\">\n\t\t\t\t\t\t\t\t\t<p>O Consist\u00f3rio N\u00ba 42 \u00e9 o respons\u00e1vel pela outorga dos Grau 31 e 32 do R.E.A.A. que, embora sejam denominados <strong>Graus Administrativos<\/strong>, tem um conte\u00fado filos\u00f3fico important\u00edssimo.<\/p>\n<p>S\u00e3o graus com conte\u00fados singulares, em que a Ma\u00e7onaria volta-se para si mesma e faz com que cada Ma\u00e7om questione a si mesmo sobre sua conduta e contribui\u00e7\u00e3o para a Ordem e para a Sociedade.<\/p>\t\t\t\t\t\t\t\t<\/div>\n\t\t\t\t<\/div>\n\t\t\t\t<div class=\"elementor-element elementor-element-e0c8c42 elementor-widget elementor-widget-text-editor\" data-id=\"e0c8c42\" data-element_type=\"widget\" data-widget_type=\"text-editor.default\">\n\t\t\t\t<div class=\"elementor-widget-container\">\n\t\t\t\t\t\t\t\t\t<p>O Mui Pod. Consist\u00f3rio de Pr\u00edncipes do Real Segredo N\u00ba 42 trabalha na quarta 5\u00aa feira dos meses \u00edmpares. Consulte nosso <a href=\"http:\/\/grausfilosoficosdompedro.org.br\/index.php\/calendario\">Calend\u00e1rio de Sess\u00f5es<\/a><\/p>\t\t\t\t\t\t\t\t<\/div>\n\t\t\t\t<\/div>\n\t\t\t\t<\/div>\n\t\t<div class=\"elementor-element elementor-element-5dc3b17 e-con-full e-flex e-con e-child\" data-id=\"5dc3b17\" data-element_type=\"container\">\n\t\t\t\t<div class=\"elementor-element elementor-element-b9a39bc elementor-widget__width-initial elementor-widget elementor-widget-image\" data-id=\"b9a39bc\" data-element_type=\"widget\" data-widget_type=\"image.default\">\n\t\t\t\t<div class=\"elementor-widget-container\">\n\t\t\t\t\t\t\t\t\t\t\t\t\t\t\t<img loading=\"lazy\" width=\"300\" height=\"300\" src=\"https:\/\/grausfilosoficosdompedro.org.br\/wp-content\/uploads\/2024\/12\/Painel-do-32-grau.jpg\" class=\"attachment-large size-large wp-image-318\" alt=\"\" srcset=\"https:\/\/grausfilosoficosdompedro.org.br\/wp-content\/uploads\/2024\/12\/Painel-do-32-grau.jpg 300w, https:\/\/grausfilosoficosdompedro.org.br\/wp-content\/uploads\/2024\/12\/Painel-do-32-grau-150x150.jpg 150w\" sizes=\"(max-width: 300px) 100vw, 300px\" \/>\t\t\t\t\t\t\t\t\t\t\t\t\t\t\t<\/div>\n\t\t\t\t<\/div>\n\t\t\t\t<\/div>\n\t\t<div class=\"elementor-element elementor-element-93cb9ad e-con-full e-flex e-con e-child\" data-id=\"93cb9ad\" data-element_type=\"container\">\n\t\t\t\t<div class=\"elementor-element elementor-element-2f6110f elementor-widget elementor-widget-image\" data-id=\"2f6110f\" data-element_type=\"widget\" data-widget_type=\"image.default\">\n\t\t\t\t<div class=\"elementor-widget-container\">\n\t\t\t\t\t\t\t\t\t\t\t\t\t\t\t<img loading=\"lazy\" width=\"300\" height=\"300\" src=\"https:\/\/grausfilosoficosdompedro.org.br\/wp-content\/uploads\/2024\/12\/Painel-do-33-grau.jpg\" class=\"attachment-large size-large wp-image-319\" alt=\"\" srcset=\"https:\/\/grausfilosoficosdompedro.org.br\/wp-content\/uploads\/2024\/12\/Painel-do-33-grau.jpg 300w, https:\/\/grausfilosoficosdompedro.org.br\/wp-content\/uploads\/2024\/12\/Painel-do-33-grau-150x150.jpg 150w\" sizes=\"(max-width: 300px) 100vw, 300px\" \/>\t\t\t\t\t\t\t\t\t\t\t\t\t\t\t<\/div>\n\t\t\t\t<\/div>\n\t\t\t\t<\/div>\n\t\t<div class=\"elementor-element elementor-element-5475b40 e-con-full e-flex e-con e-child\" data-id=\"5475b40\" data-element_type=\"container\">\n\t\t\t\t<div class=\"elementor-element elementor-element-9b43884 elementor-widget elementor-widget-heading\" data-id=\"9b43884\" data-element_type=\"widget\" data-widget_type=\"heading.default\">\n\t\t\t\t<div class=\"elementor-widget-container\">\n\t\t\t\t\t<h2 class=\"elementor-heading-title elementor-size-default\">O Grau 33<\/h2>\t\t\t\t<\/div>\n\t\t\t\t<\/div>\n\t\t\t\t<div class=\"elementor-element elementor-element-1607b1b elementor-widget elementor-widget-text-editor\" data-id=\"1607b1b\" data-element_type=\"widget\" data-widget_type=\"text-editor.default\">\n\t\t\t\t<div class=\"elementor-widget-container\">\n\t\t\t\t\t\t\t\t\t<p>O coroamento de uma Escalada Ma\u00e7\u00f4nica \u00e9 a Eleva\u00e7\u00e3o ao Grau 33, que vem acompanhado de responsabilidades e obriga\u00e7\u00f5es, no sentido de proporcionar a outros Irm\u00e3os os mesmos ensinamentos recebidos ao longo da caminhada e incentiv\u00e1-los a chegar ao mesmo patamar.<\/p>\t\t\t\t\t\t\t\t<\/div>\n\t\t\t\t<\/div>\n\t\t\t\t<div class=\"elementor-element elementor-element-f2f1648 elementor-widget elementor-widget-spacer\" data-id=\"f2f1648\" data-element_type=\"widget\" data-widget_type=\"spacer.default\">\n\t\t\t\t<div class=\"elementor-widget-container\">\n\t\t\t\t\t\t\t<div class=\"elementor-spacer\">\n\t\t\t<div class=\"elementor-spacer-inner\"><\/div>\n\t\t<\/div>\n\t\t\t\t\t\t<\/div>\n\t\t\t\t<\/div>\n\t\t\t\t<div class=\"elementor-element elementor-element-6adde6f elementor-widget elementor-widget-text-editor\" data-id=\"6adde6f\" data-element_type=\"widget\" data-widget_type=\"text-editor.default\">\n\t\t\t\t<div class=\"elementor-widget-container\">\n\t\t\t\t\t\t\t\t\t<p>A Eleva\u00e7\u00e3o ao Grau 33 acontece duas vezes por ano no Rio de Janeiro e em S\u00e3o Paulo. Consulte nosso <a href=\"http:\/\/grausfilosoficosdompedro.org.br\/index.php\/calendario\">Calend\u00e1rio de Sess\u00f5es<\/a><\/p>\t\t\t\t\t\t\t\t<\/div>\n\t\t\t\t<\/div>\n\t\t\t\t<\/div>\n\t\t\t\t\t<\/div>\n\t\t\t\t<\/div>\n\t\t\t\t<\/div>\n\t\t","protected":false},"excerpt":{"rendered":"<p>O que s\u00e3o os Graus Filos\u00f3ficos Os Graus Filos\u00f3ficos do R.E.A.A. d\u00e3o sequ\u00eancia aos estudos principiados no Grau de Mestre Ma\u00e7om e trazem em seu bojo um rico conte\u00fado hist\u00f3rico, filos\u00f3fico e moral. A busca da perfei\u00e7\u00e3o \u00e9 permanente e os Graus Filos\u00f3ficos possibilitam que cada Irm\u00e3o busque o m\u00e9todo ao qual melhor se adapte,<\/p>\n<p><a href=\"https:\/\/grausfilosoficosdompedro.org.br\/index.php\/graus-filosoficos\/\" class=\"more-link\">Read More<\/a><\/p>\n","protected":false},"author":1,"featured_media":0,"parent":0,"menu_order":0,"comment_status":"closed","ping_status":"closed","template":"","meta":{"footnotes":""},"class_list":["post-256","page","type-page","status-publish","hentry"],"_links":{"self":[{"href":"https:\/\/grausfilosoficosdompedro.org.br\/index.php\/wp-json\/wp\/v2\/pages\/256","targetHints":{"allow":["GET"]}}],"collection":[{"href":"https:\/\/grausfilosoficosdompedro.org.br\/index.php\/wp-json\/wp\/v2\/pages"}],"about":[{"href":"https:\/\/grausfilosoficosdompedro.org.br\/index.php\/wp-json\/wp\/v2\/types\/page"}],"author":[{"embeddable":true,"href":"https:\/\/grausfilosoficosdompedro.org.br\/index.php\/wp-json\/wp\/v2\/users\/1"}],"replies":[{"embeddable":true,"href":"https:\/\/grausfilosoficosdompedro.org.br\/index.php\/wp-json\/wp\/v2\/comments?post=256"}],"version-history":[{"count":19,"href":"https:\/\/grausfilosoficosdompedro.org.br\/index.php\/wp-json\/wp\/v2\/pages\/256\/revisions"}],"predecessor-version":[{"id":392,"href":"https:\/\/grausfilosoficosdompedro.org.br\/index.php\/wp-json\/wp\/v2\/pages\/256\/revisions\/392"}],"wp:attachment":[{"href":"https:\/\/grausfilosoficosdompedro.org.br\/index.php\/wp-json\/wp\/v2\/media?parent=256"}],"curies":[{"name":"wp","href":"https:\/\/api.w.org\/{rel}","templated":true}]}}