{"id":66,"date":"2024-12-20T13:47:56","date_gmt":"2024-12-20T16:47:56","guid":{"rendered":"https:\/\/amigosdaverdade.org.br\/?page_id=62"},"modified":"2026-01-08T22:22:18","modified_gmt":"2026-01-09T01:22:18","slug":"galeria-de-presidentes","status":"publish","type":"page","link":"https:\/\/grausfilosoficosdompedro.org.br\/index.php\/galeria-de-presidentes\/","title":{"rendered":"Galeria de Presidentes"},"content":{"rendered":"\t\t<div data-elementor-type=\"wp-page\" data-elementor-id=\"66\" class=\"elementor elementor-66\">\n\t\t\t\t<div class=\"elementor-element elementor-element-6f35810 e-flex e-con-boxed e-con e-parent\" data-id=\"6f35810\" data-element_type=\"container\">\n\t\t\t\t\t<div class=\"e-con-inner\">\n\t\t\t\t<div class=\"elementor-element elementor-element-abeae9c e-n-tabs-mobile elementor-widget elementor-widget-n-tabs\" data-id=\"abeae9c\" data-element_type=\"widget\" data-settings=\"{&quot;horizontal_scroll&quot;:&quot;disable&quot;}\" data-widget_type=\"nested-tabs.default\">\n\t\t\t\t<div class=\"elementor-widget-container\">\n\t\t\t\t\t\t\t<div class=\"e-n-tabs\" data-widget-number=\"180268700\" aria-label=\"Tabs. Open items with Enter or Space, close with Escape and navigate using the Arrow keys.\">\n\t\t\t<div class=\"e-n-tabs-heading\" role=\"tablist\">\n\t\t\t\t\t<button id=\"e-n-tab-title-1802687001\" class=\"e-n-tab-title\" aria-selected=\"true\" data-tab-index=\"1\" role=\"tab\" tabindex=\"0\" aria-controls=\"e-n-tab-content-1802687001\" style=\"--n-tabs-title-order: 1;\">\n\t\t\t\t\t\t<span class=\"e-n-tab-title-text\">\n\t\t\t\tAugusta Loja de Perfei\u00e7\u00e3o Guatimozim\t\t\t<\/span>\n\t\t<\/button>\n\t\t\t\t<button id=\"e-n-tab-title-1802687002\" class=\"e-n-tab-title\" aria-selected=\"false\" data-tab-index=\"2\" role=\"tab\" tabindex=\"-1\" aria-controls=\"e-n-tab-content-1802687002\" style=\"--n-tabs-title-order: 2;\">\n\t\t\t\t\t\t<span class=\"e-n-tab-title-text\">\n\t\t\t\tSublime Cap\u00edtulo Rosa-Cruz Dom Pedro I \t\t\t<\/span>\n\t\t<\/button>\n\t\t\t\t<button id=\"e-n-tab-title-1802687003\" class=\"e-n-tab-title\" aria-selected=\"false\" data-tab-index=\"3\" role=\"tab\" tabindex=\"-1\" aria-controls=\"e-n-tab-content-1802687003\" style=\"--n-tabs-title-order: 3;\">\n\t\t\t\t\t\t<span class=\"e-n-tab-title-text\">\n\t\t\t\tIlustre Conselho Filos\u00f3fico de Kadosch 42\t\t\t<\/span>\n\t\t<\/button>\n\t\t\t\t<button id=\"e-n-tab-title-1802687004\" class=\"e-n-tab-title\" aria-selected=\"false\" data-tab-index=\"4\" role=\"tab\" tabindex=\"-1\" aria-controls=\"e-n-tab-content-1802687004\" style=\"--n-tabs-title-order: 4;\">\n\t\t\t\t\t\t<span class=\"e-n-tab-title-text\">\n\t\t\t\tMui Pod.\u00b7. Consist\u00f3rio de Pr\u00edncipes do Real Segredo 42\t\t\t<\/span>\n\t\t<\/button>\n\t\t\t\t\t<\/div>\n\t\t\t<div class=\"e-n-tabs-content\">\n\t\t\t\t<div id=\"e-n-tab-content-1802687001\" role=\"tabpanel\" aria-labelledby=\"e-n-tab-title-1802687001\" data-tab-index=\"1\" style=\"--n-tabs-title-order: 1;\" class=\"e-active elementor-element elementor-element-7d0df5e e-con-full e-flex e-con e-child\" data-id=\"7d0df5e\" data-element_type=\"container\">\n\t\t\t\t<div class=\"elementor-element elementor-element-9d95a80 elementor-widget elementor-widget-spacer\" data-id=\"9d95a80\" data-element_type=\"widget\" data-widget_type=\"spacer.default\">\n\t\t\t\t<div class=\"elementor-widget-container\">\n\t\t\t\t\t\t\t<div class=\"elementor-spacer\">\n\t\t\t<div class=\"elementor-spacer-inner\"><\/div>\n\t\t<\/div>\n\t\t\t\t\t\t<\/div>\n\t\t\t\t<\/div>\n\t\t\t\t<div class=\"elementor-element elementor-element-404af0d elementor-widget__width-initial elementor-widget elementor-widget-text-editor\" data-id=\"404af0d\" data-element_type=\"widget\" data-widget_type=\"text-editor.default\">\n\t\t\t\t<div class=\"elementor-widget-container\">\n\t\t\t\t\t\t\t\t\t<table width=\"369\">\n<tbody>\n<tr>\n<td width=\"256\">\u00c2ngelo Amado<\/td>\n<td width=\"113\">1966 a 1967<\/td>\n<\/tr>\n<tr>\n<td width=\"256\">\u00c2ngelo Amado<\/td>\n<td width=\"113\">1967 a 1969<\/td>\n<\/tr>\n<tr>\n<td width=\"256\">Grimoaldo Carraca de Almeida<\/td>\n<td width=\"113\">1969 a 1971<\/td>\n<\/tr>\n<tr>\n<td width=\"256\">Grimoaldo Carraca de Almeida<\/td>\n<td width=\"113\">1971 a 1973<\/td>\n<\/tr>\n<tr>\n<td width=\"256\">Rubem Ruiz Affonseca<\/td>\n<td width=\"113\">1973 a 1975<\/td>\n<\/tr>\n<tr>\n<td width=\"256\">Florentino Diegues Gon\u00e7alves<\/td>\n<td width=\"113\">1975 a 1977<\/td>\n<\/tr>\n<tr>\n<td width=\"256\">Ariberto Diegues<\/td>\n<td width=\"113\">1977 a 1979<\/td>\n<\/tr>\n<tr>\n<td width=\"256\">Jos\u00e9 Marujeiro de Mattos<\/td>\n<td width=\"113\">1979 a 1981<\/td>\n<\/tr>\n<tr>\n<td width=\"256\">Alfredo Villarinho Gomes<\/td>\n<td width=\"113\">1981 a 1983<\/td>\n<\/tr>\n<tr>\n<td width=\"256\">Miguel D\u2019Anna Mendes<\/td>\n<td width=\"113\">1983 a 1985<\/td>\n<\/tr>\n<tr>\n<td width=\"256\">Nelson Reis Pinto<\/td>\n<td width=\"113\">1985 a 1987<\/td>\n<\/tr>\n<tr>\n<td width=\"256\">Jos\u00e9 Carlos Fonseca<\/td>\n<td width=\"113\">1987 a 1989<\/td>\n<\/tr>\n<tr>\n<td width=\"256\">Jos\u00e9 de Paula Bortoloni<\/td>\n<td width=\"113\">1989 a 1991<\/td>\n<\/tr>\n<tr>\n<td width=\"256\">Alberto Rodrigues Lage<\/td>\n<td width=\"113\">1991 a 1993<\/td>\n<\/tr>\n<tr>\n<td width=\"256\">Ulysses Maria Samenho<\/td>\n<td width=\"113\">1993 a 1995<\/td>\n<\/tr>\n<tr>\n<td width=\"256\">Riccardo Beltracchini<\/td>\n<td width=\"113\">1995 a 1997<\/td>\n<\/tr>\n<tr>\n<td width=\"256\">Jos\u00e9 Luiz Pimentel Amorim<\/td>\n<td width=\"113\">1997 a 1999<\/td>\n<\/tr>\n<tr>\n<td width=\"256\">S\u00e9rgio Dias de Andrade<\/td>\n<td width=\"113\">1999 a 2001<\/td>\n<\/tr>\n<tr>\n<td width=\"256\">Nelson Roberto Zecchin<\/td>\n<td width=\"113\">2001 a 2003<\/td>\n<\/tr>\n<tr>\n<td width=\"256\">Wilney Jos\u00e9 Fraga<\/td>\n<td width=\"113\">2003 a 2005<\/td>\n<\/tr>\n<tr>\n<td width=\"256\">Luiz Fernando dos Santos<\/td>\n<td width=\"113\">2005 a 2007<\/td>\n<\/tr>\n<tr>\n<td width=\"256\">Cesar Augusto Pascali Rago<\/td>\n<td width=\"113\">2007 a 2009<\/td>\n<\/tr>\n<tr>\n<td width=\"256\">Charles Artur Santos de Oliveira<\/td>\n<td width=\"113\">2009 a 2011<\/td>\n<\/tr>\n<tr>\n<td width=\"256\">Jo\u00e3o Rodrigues Laja<\/td>\n<td width=\"113\">2011 a 2013<\/td>\n<\/tr>\n<tr>\n<td width=\"256\">Reginaldo Fonseca da Costa<\/td>\n<td width=\"113\">2013 a 2015<\/td>\n<\/tr>\n<tr>\n<td width=\"256\">Adalberto Macedo de Paula<\/td>\n<td width=\"113\">2015 a 2017<\/td>\n<\/tr>\n<tr>\n<td width=\"256\">Claudio Alonso Alba<\/td>\n<td width=\"113\">2018 a 2019<\/td>\n<\/tr>\n<tr>\n<td width=\"256\">Marcos Duarte<\/td>\n<td width=\"113\">2020 a 2021<\/td>\n<\/tr>\n<tr>\n<td width=\"256\">Paulo Affonso G. Murat Filho<\/td>\n<td width=\"113\">2022 a 2023<\/td>\n<\/tr>\n<tr>\n<td width=\"256\">Jos\u00e9 Roberto Barreira Fernandes<\/td>\n<td width=\"113\">2024 a 2025<\/td>\n<\/tr>\n<tr>\n<td width=\"256\">Igor Frederico Menezes Moita<\/td>\n<td width=\"113\">2026 a 2027<\/td>\n<\/tr>\n<\/tbody>\n<\/table>\t\t\t\t\t\t\t\t<\/div>\n\t\t\t\t<\/div>\n\t\t\t\t<\/div>\n\t\t<div id=\"e-n-tab-content-1802687002\" role=\"tabpanel\" aria-labelledby=\"e-n-tab-title-1802687002\" data-tab-index=\"2\" style=\"--n-tabs-title-order: 2;\" class=\" elementor-element elementor-element-6a2acd7 e-con-full e-flex e-con e-child\" data-id=\"6a2acd7\" data-element_type=\"container\">\n\t\t\t\t<div class=\"elementor-element elementor-element-63772a3 elementor-widget elementor-widget-spacer\" data-id=\"63772a3\" data-element_type=\"widget\" data-widget_type=\"spacer.default\">\n\t\t\t\t<div class=\"elementor-widget-container\">\n\t\t\t\t\t\t\t<div class=\"elementor-spacer\">\n\t\t\t<div class=\"elementor-spacer-inner\"><\/div>\n\t\t<\/div>\n\t\t\t\t\t\t<\/div>\n\t\t\t\t<\/div>\n\t\t\t\t<div class=\"elementor-element elementor-element-4748fbf elementor-widget__width-initial elementor-widget elementor-widget-text-editor\" data-id=\"4748fbf\" data-element_type=\"widget\" data-widget_type=\"text-editor.default\">\n\t\t\t\t<div class=\"elementor-widget-container\">\n\t\t\t\t\t\t\t\t\t<table width=\"378\">\n<tbody>\n<tr>\n<td width=\"236\">Elias Reis Ferreira<\/td>\n<td width=\"142\">1944 a 1945<\/td>\n<\/tr>\n<tr>\n<td width=\"236\">Eloy Peres Vargas<\/td>\n<td width=\"142\">1945 a 1946<\/td>\n<\/tr>\n<tr>\n<td width=\"236\">Jo\u00e3o Pinto Sebasti\u00e3o<\/td>\n<td width=\"142\">1946 a 1947<\/td>\n<\/tr>\n<tr>\n<td width=\"236\">Elias Reis Ferreira<\/td>\n<td width=\"142\">1947 a 1949<\/td>\n<\/tr>\n<tr>\n<td width=\"236\">Laurindo Chaves<\/td>\n<td width=\"142\">1949 a 1951<\/td>\n<\/tr>\n<tr>\n<td width=\"236\">Francisco Solano Jr.<\/td>\n<td width=\"142\">1951 a 1952<\/td>\n<\/tr>\n<tr>\n<td width=\"236\">Laurindo Chaves<\/td>\n<td width=\"142\">1952 a 1956<\/td>\n<\/tr>\n<tr>\n<td width=\"236\">Francisco Solano Jr.<\/td>\n<td width=\"142\">1956 a 1958<\/td>\n<\/tr>\n<tr>\n<td width=\"236\">Laurindo Chaves<\/td>\n<td width=\"142\">1958 a 1965<\/td>\n<\/tr>\n<tr>\n<td width=\"236\">Rubem Ruiz Affonseca<\/td>\n<td width=\"142\">1965 a 1967<\/td>\n<\/tr>\n<tr>\n<td width=\"236\">Pr\u00f3spero Barletta<\/td>\n<td width=\"142\">1967 a 1969<\/td>\n<\/tr>\n<tr>\n<td width=\"236\">\u00c2ngelo Amado<\/td>\n<td width=\"142\">1969 a 1971<\/td>\n<\/tr>\n<tr>\n<td width=\"236\">Grimoaldo Carraca de Almeida<\/td>\n<td width=\"142\">1971 a 1973<\/td>\n<\/tr>\n<tr>\n<td width=\"236\">Alfredo A. de Oliveira<\/td>\n<td width=\"142\">1973 a 1975<\/td>\n<\/tr>\n<tr>\n<td width=\"236\">Ventura F. de Oliveira<\/td>\n<td width=\"142\">1975 a 1979<\/td>\n<\/tr>\n<tr>\n<td width=\"236\">Jurandyr Moura<\/td>\n<td width=\"142\">1979 a 1982<\/td>\n<\/tr>\n<tr>\n<td width=\"236\">Estelbaldo G. Domingues<\/td>\n<td width=\"142\">1982 a 1983<\/td>\n<\/tr>\n<tr>\n<td width=\"236\">Jos\u00e9 Marujeiro de Mattos<\/td>\n<td width=\"142\">1984 a 1985<\/td>\n<\/tr>\n<tr>\n<td width=\"236\">Jo\u00e3o Augusto<\/td>\n<td width=\"142\">1986 a 1987<\/td>\n<\/tr>\n<tr>\n<td width=\"236\">Ludgero Rodrigues<\/td>\n<td width=\"142\">1988 a 1989<\/td>\n<\/tr>\n<tr>\n<td width=\"236\">Antonio Lechugo Gil<\/td>\n<td width=\"142\">1990 a 1991<\/td>\n<\/tr>\n<tr>\n<td width=\"236\">Miguel Elias Hidd<\/td>\n<td width=\"142\">1992 a 1993<\/td>\n<\/tr>\n<tr>\n<td width=\"236\">Jos\u00e9 Carlos Fonseca<\/td>\n<td width=\"142\">1993 a 1995<\/td>\n<\/tr>\n<tr>\n<td width=\"236\">Jos\u00e9 de Paula Bortoloni<\/td>\n<td width=\"142\">1995 a 1997<\/td>\n<\/tr>\n<tr>\n<td width=\"236\">Nelson Vaz<\/td>\n<td width=\"142\">1997 a 1999<\/td>\n<\/tr>\n<tr>\n<td width=\"236\">Ariberto Diegues<\/td>\n<td width=\"142\">1999 a 2001<\/td>\n<\/tr>\n<tr>\n<td width=\"236\">Jos\u00e9 Luiz Pimentel Amorim<\/td>\n<td width=\"142\">2002 a 2003<\/td>\n<\/tr>\n<tr>\n<td width=\"236\">S\u00e9rgio Dias de Andrade<\/td>\n<td width=\"142\">2003 a 2005<\/td>\n<\/tr>\n<tr>\n<td width=\"236\">Nelson Roberto Zecchin<\/td>\n<td width=\"142\">2005 a 2007<\/td>\n<\/tr>\n<tr>\n<td width=\"236\">D\u00e1cio Antonio Nascimento<\/td>\n<td width=\"142\">2007 a 2009<\/td>\n<\/tr>\n<tr>\n<td width=\"236\">Luiz Fernando dos Santos<\/td>\n<td width=\"142\">2009 a 2011<\/td>\n<\/tr>\n<tr>\n<td width=\"236\">Charles Artur Santos de Oliveira<\/td>\n<td width=\"142\">2011 a 2013<\/td>\n<\/tr>\n<tr>\n<td width=\"236\">Wilney Jos\u00e9 Fraga<\/td>\n<td width=\"142\">2013 a 2015<\/td>\n<\/tr>\n<tr>\n<td width=\"236\">Marcos Ant\u00f4nio Esmerini<\/td>\n<td width=\"142\">2015 a 2017<\/td>\n<\/tr>\n<tr>\n<td width=\"236\">Biagio Augusto Aleardo de Bona<\/td>\n<td width=\"142\">2018 a 2019<\/td>\n<\/tr>\n<tr>\n<td width=\"236\">Richard Paes Lyra<\/td>\n<td width=\"142\">2020 a 2021<\/td>\n<\/tr>\n<tr>\n<td width=\"236\">Marcos Duarte<\/td>\n<td width=\"142\">2022 a 2023<\/td>\n<\/tr>\n<tr>\n<td width=\"236\">Jos\u00e9 Luiz Rodriguez Vaz<\/td>\n<td width=\"142\">2024 a 2025<\/td>\n<\/tr>\n<tr>\n<td width=\"236\">Rold\u00e3o Gomes Filho<\/td>\n<td width=\"142\">2026 a 2027<\/td>\n<\/tr>\n<\/tbody>\n<\/table>\t\t\t\t\t\t\t\t<\/div>\n\t\t\t\t<\/div>\n\t\t\t\t<\/div>\n\t\t<div id=\"e-n-tab-content-1802687003\" role=\"tabpanel\" aria-labelledby=\"e-n-tab-title-1802687003\" data-tab-index=\"3\" style=\"--n-tabs-title-order: 3;\" class=\" elementor-element elementor-element-5e25aa9 e-con-full e-flex e-con e-child\" data-id=\"5e25aa9\" data-element_type=\"container\">\n\t\t\t\t<div class=\"elementor-element elementor-element-ef620c0 elementor-widget elementor-widget-spacer\" data-id=\"ef620c0\" data-element_type=\"widget\" data-widget_type=\"spacer.default\">\n\t\t\t\t<div class=\"elementor-widget-container\">\n\t\t\t\t\t\t\t<div class=\"elementor-spacer\">\n\t\t\t<div class=\"elementor-spacer-inner\"><\/div>\n\t\t<\/div>\n\t\t\t\t\t\t<\/div>\n\t\t\t\t<\/div>\n\t\t\t\t<div class=\"elementor-element elementor-element-64db569 elementor-widget__width-initial elementor-widget elementor-widget-text-editor\" data-id=\"64db569\" data-element_type=\"widget\" data-widget_type=\"text-editor.default\">\n\t\t\t\t<div class=\"elementor-widget-container\">\n\t\t\t\t\t\t\t\t\t<table>\n<tbody>\n<tr>\n<td width=\"225\">Pr\u00f3spero Barletta<\/td>\n<td width=\"104\">1974 a 1978<\/td>\n<\/tr>\n<tr>\n<td width=\"225\">Manoel Neves dos Santos<\/td>\n<td width=\"104\">1979 a 1980<\/td>\n<\/tr>\n<tr>\n<td width=\"225\">Francisco Neves<\/td>\n<td width=\"104\">1981<\/td>\n<\/tr>\n<tr>\n<td width=\"225\">Pr\u00f3spero Barletta<\/td>\n<td width=\"104\">1982 a 1984<\/td>\n<\/tr>\n<tr>\n<td width=\"225\">Bernardo Wajsman<\/td>\n<td width=\"104\">1985 a 1986<\/td>\n<\/tr>\n<tr>\n<td width=\"225\">Waldemar Morgero<\/td>\n<td width=\"104\">1987<\/td>\n<\/tr>\n<tr>\n<td width=\"225\">Henio Cajazeira<\/td>\n<td width=\"104\">1988<\/td>\n<\/tr>\n<tr>\n<td width=\"225\">Jos\u00e9 Marujeiro de Mattos<\/td>\n<td width=\"104\">1989<\/td>\n<\/tr>\n<tr>\n<td width=\"225\">Fel\u00edcio A. da Purifica\u00e7\u00e3o e Souza<\/td>\n<td width=\"104\">1990<\/td>\n<\/tr>\n<tr>\n<td width=\"225\">Ariberto Diegues<\/td>\n<td width=\"104\">1991<\/td>\n<\/tr>\n<tr>\n<td width=\"225\">Antonio Lechugo Gil<\/td>\n<td width=\"104\">1992<\/td>\n<\/tr>\n<tr>\n<td width=\"225\">Edison Alves Pereira<\/td>\n<td width=\"104\">1994<\/td>\n<\/tr>\n<tr>\n<td width=\"225\">Miguel D\u2019Ana Mendes<\/td>\n<td width=\"104\">1995<\/td>\n<\/tr>\n<tr>\n<td width=\"225\">Antonio Ayres da Cunha Filho<\/td>\n<td width=\"104\">1996<\/td>\n<\/tr>\n<tr>\n<td width=\"225\">Jos\u00e9 Carlos Fonseca<\/td>\n<td width=\"104\">1997 a 1998<\/td>\n<\/tr>\n<tr>\n<td width=\"225\">Edmilton Firmino da Costa<\/td>\n<td width=\"104\">1999 a 2001<\/td>\n<\/tr>\n<tr>\n<td width=\"225\">Jo\u00e3o Galuzzi Baltazar<\/td>\n<td width=\"104\">2002 a 2003<\/td>\n<\/tr>\n<tr>\n<td width=\"225\">Raul Pedroso de Lima J\u00fanior<\/td>\n<td width=\"104\">2004 a 2005<\/td>\n<\/tr>\n<tr>\n<td width=\"225\">Jos\u00e9 de Paula Bortoloni<\/td>\n<td width=\"104\">2006 a 2007<\/td>\n<\/tr>\n<tr>\n<td width=\"225\">Sylvio Soares de Novaes Filho<\/td>\n<td width=\"104\">2008 a 2009<\/td>\n<\/tr>\n<tr>\n<td width=\"225\">Jos\u00e9 Luiz Pimentel Amorim<\/td>\n<td width=\"104\">2010 a 2011<\/td>\n<\/tr>\n<tr>\n<td width=\"225\">Antonio Carlos Neves Tavares<\/td>\n<td width=\"104\">2012 a 2013<\/td>\n<\/tr>\n<tr>\n<td width=\"225\">Cesar Augusto Pascali Rago<\/td>\n<td width=\"104\">2014 a 2015<\/td>\n<\/tr>\n<tr>\n<td width=\"225\">Henrique Gomes Branco<\/td>\n<td width=\"104\">2016 a 2017<\/td>\n<\/tr>\n<tr>\n<td width=\"225\">Valdir Nat\u00e1rio<\/td>\n<td width=\"104\">2018 a 2019<\/td>\n<\/tr>\n<tr>\n<td width=\"225\">Cesar Buosi<\/td>\n<td width=\"104\">2019<\/td>\n<\/tr>\n<tr>\n<td width=\"225\">Rafael Souza Silva<\/td>\n<td width=\"104\">2020 a 2021<\/td>\n<\/tr>\n<tr>\n<td width=\"225\">Reginaldo Fonseca da Costa<\/td>\n<td width=\"104\">2021 a 2023<\/td>\n<\/tr>\n<tr>\n<td width=\"225\">Marcos Duarte<\/td>\n<td width=\"104\">2024 a 2025<\/td>\n<\/tr>\n<tr>\n<td width=\"225\">Jos\u00e9 Roberto Barreira Fernandes<\/td>\n<td width=\"104\">2026 a 2027<\/td>\n<\/tr>\n<\/tbody>\n<\/table>\t\t\t\t\t\t\t\t<\/div>\n\t\t\t\t<\/div>\n\t\t\t\t<\/div>\n\t\t<div id=\"e-n-tab-content-1802687004\" role=\"tabpanel\" aria-labelledby=\"e-n-tab-title-1802687004\" data-tab-index=\"4\" style=\"--n-tabs-title-order: 4;\" class=\" elementor-element elementor-element-52d12ec e-con-full e-flex e-con e-child\" data-id=\"52d12ec\" data-element_type=\"container\">\n\t\t\t\t<div class=\"elementor-element elementor-element-64e6ffe elementor-widget elementor-widget-spacer\" data-id=\"64e6ffe\" data-element_type=\"widget\" data-widget_type=\"spacer.default\">\n\t\t\t\t<div class=\"elementor-widget-container\">\n\t\t\t\t\t\t\t<div class=\"elementor-spacer\">\n\t\t\t<div class=\"elementor-spacer-inner\"><\/div>\n\t\t<\/div>\n\t\t\t\t\t\t<\/div>\n\t\t\t\t<\/div>\n\t\t\t\t<div class=\"elementor-element elementor-element-fe52098 elementor-widget__width-initial elementor-widget elementor-widget-text-editor\" data-id=\"fe52098\" data-element_type=\"widget\" data-widget_type=\"text-editor.default\">\n\t\t\t\t<div class=\"elementor-widget-container\">\n\t\t\t\t\t\t\t\t\t<table width=\"320\"><tbody><tr><td width=\"208\"><p>Pr\u00f3spero Barletta<\/p><\/td><td width=\"112\"><p>Jan a Nov de 1994<\/p><\/td><\/tr><tr><td width=\"208\"><p>Antonio Lechugo Gil<\/p><\/td><td width=\"112\"><p>1995 a 1996<\/p><\/td><\/tr><tr><td width=\"208\"><p>H\u00eanio Cajazeira<\/p><\/td><td width=\"112\"><p>1997 a 1998<\/p><\/td><\/tr><tr><td width=\"208\"><p>Luiz Biagetti<\/p><\/td><td width=\"112\"><p>1999 a 2000<\/p><\/td><\/tr><tr><td width=\"208\"><p>Luiz Biagetti<\/p><\/td><td width=\"112\"><p>2001 a 2002<\/p><\/td><\/tr><tr><td width=\"208\"><p>Mauro Cesar Dinato<\/p><\/td><td width=\"112\"><p>2003 a 2004<\/p><\/td><\/tr><tr><td width=\"208\"><p>Jos\u00e9 de Paula Bortoloni<\/p><\/td><td width=\"112\"><p>2005 a 2006<\/p><\/td><\/tr><tr><td width=\"208\"><p>Raul Pedroso de Lima Jr.<\/p><\/td><td width=\"112\"><p>2007 a 2008<\/p><\/td><\/tr><tr><td width=\"208\"><p>Ariberto Diegues<\/p><\/td><td width=\"112\"><p>2009 a 2010<\/p><\/td><\/tr><tr><td width=\"208\"><p>Antonio Carlos Neves Tavares<\/p><\/td><td width=\"112\"><p>2011 a 2012<\/p><\/td><\/tr><tr><td width=\"208\"><p>Jos\u00e9 Carlos Fonseca<\/p><\/td><td width=\"112\"><p>2013 a 2014<\/p><\/td><\/tr><tr><td width=\"208\"><p>Jos\u00e9 Mui\u00f1o<\/p><\/td><td width=\"112\"><p>2015 a 2016<\/p><\/td><\/tr><tr><td width=\"208\"><p>Luiz Antonio Lociks<\/p><\/td><td width=\"112\"><p>2017 a 2018<\/p><\/td><\/tr><tr><td width=\"208\"><p>Reginaldo Fonseca da Costa<\/p><\/td><td width=\"112\"><p>2019 a 2021<\/p><\/td><\/tr><tr><td width=\"208\"><p>Cesar Augusto Pascali Rago<\/p><\/td><td width=\"112\"><p>2022 a 2024<\/p><\/td><\/tr><tr><td width=\"208\"><p>Marcos Antonio Esmerini<\/p><\/td><td width=\"112\"><p>2025 a 2026<\/p><\/td><\/tr><\/tbody><\/table>\t\t\t\t\t\t\t\t<\/div>\n\t\t\t\t<\/div>\n\t\t\t\t<\/div>\n\t\t\t\t\t<\/div>\n\t\t<\/div>\n\t\t\t\t\t\t<\/div>\n\t\t\t\t<\/div>\n\t\t\t\t\t<\/div>\n\t\t\t\t<\/div>\n\t\t\t\t<\/div>\n\t\t","protected":false},"excerpt":{"rendered":"<p>Augusta Loja de Perfei\u00e7\u00e3o Guatimozim Sublime Cap\u00edtulo Rosa-Cruz Dom Pedro I Ilustre Conselho Filos\u00f3fico de Kadosch 42 Mui Pod.\u00b7. Consist\u00f3rio de Pr\u00edncipes do Real Segredo 42 \u00c2ngelo Amado 1966 a 1967 \u00c2ngelo Amado 1967 a 1969 Grimoaldo Carraca de Almeida 1969 a 1971 Grimoaldo Carraca de Almeida 1971 a 1973 Rubem Ruiz Affonseca 1973 a<\/p>\n<p><a href=\"https:\/\/grausfilosoficosdompedro.org.br\/index.php\/galeria-de-presidentes\/\" class=\"more-link\">Read More<\/a><\/p>\n","protected":false},"author":1,"featured_media":0,"parent":0,"menu_order":0,"comment_status":"closed","ping_status":"closed","template":"","meta":{"footnotes":""},"class_list":["post-66","page","type-page","status-publish","hentry"],"_links":{"self":[{"href":"https:\/\/grausfilosoficosdompedro.org.br\/index.php\/wp-json\/wp\/v2\/pages\/66","targetHints":{"allow":["GET"]}}],"collection":[{"href":"https:\/\/grausfilosoficosdompedro.org.br\/index.php\/wp-json\/wp\/v2\/pages"}],"about":[{"href":"https:\/\/grausfilosoficosdompedro.org.br\/index.php\/wp-json\/wp\/v2\/types\/page"}],"author":[{"embeddable":true,"href":"https:\/\/grausfilosoficosdompedro.org.br\/index.php\/wp-json\/wp\/v2\/users\/1"}],"replies":[{"embeddable":true,"href":"https:\/\/grausfilosoficosdompedro.org.br\/index.php\/wp-json\/wp\/v2\/comments?post=66"}],"version-history":[{"count":28,"href":"https:\/\/grausfilosoficosdompedro.org.br\/index.php\/wp-json\/wp\/v2\/pages\/66\/revisions"}],"predecessor-version":[{"id":683,"href":"https:\/\/grausfilosoficosdompedro.org.br\/index.php\/wp-json\/wp\/v2\/pages\/66\/revisions\/683"}],"wp:attachment":[{"href":"https:\/\/grausfilosoficosdompedro.org.br\/index.php\/wp-json\/wp\/v2\/media?parent=66"}],"curies":[{"name":"wp","href":"https:\/\/api.w.org\/{rel}","templated":true}]}}